 and 153?
17
Let f(v) = 48*v**3 + 3*v**2 - 30*v + 78. Let d be f(3). What is the greatest common divisor of d and 1539?
57
Let w = -84 - -86. Let b be w + (16/(-4) - (0 - 7)). Let a be (68 - (b - 2))/(0 - -1). What is the greatest common factor of 26 and a?
13
Suppose 0 = 350*i - 346*i - 8, -3*m = -4*i - 15805. What is the greatest common factor of m and 21?
21
Let r be 1*-2 + 4 + 124. Let u be (1 + -3 + 10)*(-6)/(-12). Let g be 2 - (-19 - (-4)/(u/3)). Calculate the highest common factor of r and g.
18
Let b be 10 + 2*3/(-6). Suppose b = -3*k, 2*i + i + 4*k = 75. Suppose 24*g - i*g + 990 = 0. What is the highest common factor of g and 18?
18
Let x(a) = -2*a - 4. Let y(s) = s + 17. Let v be y(-13). Suppose -o - 3*o = -2*k, o + v = 0. Let z be x(k). Calculate the highest common factor of z and 96.
12
Let q be 752/38 - (-24)/114. Calculate the highest common factor of q and 25820.
20
Suppose -2*o + 2 = 14. Let w be ((-9)/o)/(-3)*-124. Suppose -3*j + 824 = 2*j - 7*l, l + 7 = 0. What is the greatest common divisor of w and j?
31
Suppose 33*z - 7092 = 192954. What is the highest common divisor of z and 42?
14
Suppose -138 - 86 = -q. Suppose 0 = -6*f - 2*u + 42, 2*f + 5 = -3*u + 19. What is the greatest common divisor of f and q?
7
Let k(c) = -c**3 + 6*c**2 + 5*c + 10. Suppose 0 = 5*h - 31 + 6. Let l be k(h). Let x = -105 + 117. Calculate the greatest common factor of l and x.
12
Suppose 5 = 6*k - 7. Suppose -8 = -l + 4*y, 3*l = -k*l + 3*y + 108. Calculate the highest common divisor of l and 18.
6
Let c be 3 - 68*(-2 - (-10)/8). Let i = c - 65. Let r(t) = -26*t + 11. Let o be r(i). What is the greatest common divisor of 33 and o?
33
Let u be -148*((-15)/2 + 5). Let d = 412 - u. What is the highest common divisor of 119 and d?
7
Let t be 7/(-9)*-329 + 10/90. Calculate the greatest common divisor of 128 and t.
128
Let d(y) = y**2 + 6*y - 10. Suppose 33*o - 30*o - 33 = 0. Suppose 5*m - o = 9. Let f be d(m). Calculate the greatest common factor of 210 and f.
30
Suppose -3*s = s - 460. Let j(r) = -13*r - 16. Suppose -3*x + 4*h - 21 = 0, 2*h - 4*h + 6 = 0. Let k be j(x). What is the greatest common factor of k and s?
23
Suppose -3*a - 4*b = -416, 5*a + 2337*b - 678 = 2338*b. Let v = -50 - -84. Calculate the greatest common divisor of a and v.
34
Let r = 5 + 6. Let f(m) = -m - 24. Let j(a) = 2*a + 25. Let d(o) = -5*f(o) - 4*j(o). Let k be d(3). What is the highest common factor of r and k?
11
Let t = 36371 - 36276. What is the highest common factor of 3686 and t?
19
Let a be -44*(183/(-12) + (-12)/(-4)). Suppose -277 = -6*d + a. Calculate the greatest common factor of d and 34.
34
Let d be (-3)/(-6)*(2 + 174). Let h be (-4)/5 - (-42)/15. Suppose -h*q - 3*g = 2*g - 41, -2*g + 2 = -q. Calculate the highest common factor of q and d.
8
Suppose 26 = 2*j - 0*j. Let t(z) be the second derivative of z**4/4 + 8*z**3/3 + 53*z**2/2 + 89*z. Let p be t(-8). What is the highest common factor of p and j?
13
Suppose -4*r - c = -56, -3*r - 4*c + 22 = -20. Let p be (-137 - -143)/((-6)/20). Let y be (p/r)/((-8)/56). What is the greatest common divisor of 15 and y?
5
Let f be (-4)/(-16) + 8/36 + (-66070)/(-360). What is the highest common divisor of 1748 and f?
92
Let y(x) = x**3 - 3*x**2 + 5*x. Let k be y(4). Let q(o) = -o**2 + 5*o - 120. Let i be q(-12). Let s = i - -648. Calculate the greatest common factor of k and s.
36
Suppose 3*l + 5*r - 188 = 0, 338*r - 60 = -l + 339*r. Calculate the highest common factor of l and 976.
61
Let m be 10/6*-1*3. Let y(w) = -8*w - 28. Let d be y(m). Let k be d/(-18) - (2616/(-9) + 2). Calculate the highest common divisor of k and 36.
36
Suppose 887 = 30*c - 1813. Calculate the greatest common factor of c and 670.
10
Let s(z) be the third derivative of -14*z**2 + 0*z + 0 - 8/3*z**3 - 3/8*z**4. Let g be s(-8). What is the greatest common divisor of 7 and g?
7
Let h = -9716 + 10409. Calculate the highest common factor of h and 231.
231
Let v be (95/(-10) + -7)/(2295/768 - 3). What is the greatest common factor of 264 and v?
88
Suppose -2*q + 2*p + 93 - 7 = 0, -4*q - 3*p + 144 = 0. Calculate the greatest common divisor of q and 33.
3
Let b = 3996 - 3855. Calculate the highest common factor of b and 33.
3
Let g be ((-7488)/(-286))/((-21)/(-154)). Suppose -307 - 76 = -3*y + q, 2*q + 638 = 5*y. What is the highest common factor of g and y?
64
Let d be 105792/14 - (-15 - (-1326)/91). What is the greatest common factor of d and 11?
11
Suppose 10 = 3*x + 4. Suppose 189 = 2*l + 3*p, 106 = -x*l - 2*p + 300. Calculate the greatest common factor of 68 and l.
34
Suppose -362 = 2*p + 2*i, 4*p + 13*i + 718 = 11*i. Let q be p/(-10) - 23/(-115). Calculate the greatest common factor of 1422 and q.
18
Let s = -32 - -89. Suppose 6*a = s + 27. Suppose 2*g - 5*u = -a, -5*g - 3*u + 24 = -g. What is the highest common factor of g and 27?
3
Let s = -54 + 154. Suppose 15*i = 18*i + 300. Let t = -80 - i. Calculate the highest common divisor of t and s.
20
Suppose 189 = 26*w - 17*w. Let g be (-180)/15*w/(-4). Calculate the greatest common divisor of 18 and g.
9
Let s be (-29 + -1)/10 + (-1 - 2). Let r be (-40)/s*(-15)/(-2). What is the highest common factor of 175 and r?
25
Suppose -6*b + 5 = -b, 44 = 2*n - 4*b. Let g be 664/n - 4/(-12). What is the greatest common divisor of g and 56?
28
Let h(b) = b**2 - 10*b + 7. Let t be h(10). Let x be -2 + 635/35 + (-1)/t. Let o be 16/6*(4 - -2). What is the greatest common divisor of x and o?
16
Suppose -4*d - 3*m = -0*m + 21, 9 = d - 4*m. Let s be 12/16*4*(-29)/d. Suppose 3*g - s = 61. What is the highest common divisor of g and 12?
6
Let r be 71 - (3 - (0 - 3) - 3). Let b be 2 + (-2)/(-1)*1. Calculate the greatest common factor of b and r.
4
Suppose -o + 545 + 214 = 3*w, -2*o = -2*w + 522. Calculate the greatest common factor of 840 and w.
15
Suppose 11*s - 9*s - 4*g - 42 = 0, 2 = 2*s + 4*g. Let z be 1*-158*s/22. Let y = -53 - z. Calculate the highest common divisor of y and 13.
13
Suppose -4*g - 9 = -301. Suppose -2*s + 4*c = c - 29, -4*s + 3*c = -g. Suppose -162 - 14 = -x. Calculate the greatest common factor of x and s.
22
Let k(w) = 34*w + 1939. Let b be k(-42). What is the highest common divisor of b and 219?
73
Suppose -3 = 3*p + 3, 4*j = 4*p + 616. Calculate the greatest common factor of 256 and j.
8
Let g(d) = d**3 + 0*d**2 - 2 + 2*d**2 + 173*d - 182*d. Let h be g(-3). What is the highest common factor of h and 16?
16
Let f(z) = 17*z**2 - z - 2. Let m be f(-2). Suppose -2*i + 66 + 195 = 5*j, -i + 3 = 0. Calculate the greatest common factor of j and m.
17
Let s = -117 + 183. Suppose -2*z + 90 - s = 0. Suppose m - z = -m + f, 24 = 4*m - 3*f. Calculate the highest common divisor of 2 and m.
2
Let f(j) = -24*j - 6. Let m be f(-2). Let t(b) = 2*b**2 + 31*b - 132. Let u be t(10). Calculate the highest common factor of m and u.
42
Let v = 19919 - 19631. What is the highest common divisor of v and 414?
18
Let w = 878 + -926. Let g be ((-11)/3)/(2/w). What is the highest common factor of g and 154?
22
Suppose -2*f = 4*x + 132 + 896, 0 = -3*x - f - 770. Let a = x - -301. Calculate the greatest common divisor of 36 and a.
9
Let r be (54/2*(-3 + 0))/(63/(-21336)). Calculate the greatest common divisor of 108 and r.
108
Let q = 114 - 167. Let a(c) = -12*c + 39. Let h be a(-3). Let d = h + q. What is the highest common divisor of 66 and d?
22
Let y(i) = i**3 - 4*i**2 - i + 4. Let f be y(5). Suppose -2439 = -9*u - 1341. Let r be (1 - u/(-6))*963/642. Calculate the greatest common divisor of f and r.
8
Suppose -37*c + 41*c = -3*p + 440, 5*c + 5*p = 550. What is the highest common factor of c and 242?
22
Suppose 65*z - 1079 - 292 = 254. What is the greatest common factor of z and 2525?
25
Let u be 324 + ((-5)/((-280)/32) - 96/21). What is the greatest common divisor of 220 and u?
20
Let g(d) = -2*d**2 + d + 2. Let p(r) = -3*r**2 - 20*r - 2. Let h(v) = -3*g(v) + p(v). Let o be h(10). Calculate the highest common divisor of o and 62.
62
Let x be 21 + 3 + 1 - 0. Let t = 94 - x. Calculate the highest common divisor of 69 and t.
69
Let u = 281 + -262. Let d be u/((-133)/42) + 16. What is the greatest common divisor of d and 25?
5
Let n be 24621986/45182 + (-4)/(-82). Suppose a - 5 = -0*a. What is the greatest common divisor of a and n?
